2*i + m = 0. What is the greatest common divisor of 38 and i?
19
Suppose 0 = -10*q + 40 + 1200. Suppose -298 = 2*o - q. Let z = o + 142. Calculate the greatest common divisor of z and 605.
55
Suppose -15*t - 40*t + 196 + 519 = 0. Calculate the greatest common divisor of 2119 and t.
13
Suppose -39*o = 111*o - 68250. What is the highest common factor of 4004 and o?
91
Suppose 86 - 176 = -5*g. Let t be -3 + g/42 + 6658/14. What is the greatest common divisor of 43 and t?
43
Let s = 115 - 88. Let g = 36 - s. Suppose 7*q - g = -2*q. What is the greatest common divisor of 1 and q?
1
Let l = 274 + -260. Suppose -17*y = -4*v - l*y + 367, 0 = v - 4*y - 95. Calculate the greatest common divisor of v and 143.
13
Let h = 290 + -182. Let v = h - 94. Let b = 68 - 12. What is the highest common divisor of v and b?
14
Suppose 17*d - n - 4 = 15*d, 3*d - 4 = 2*n. Suppose -4*b = -4*t - 3*b + 114, 32 = t - 2*b. Calculate the greatest common divisor of t and d.
4
Suppose 0 = 2*y - 10 + 16, 0 = -3*x + 3*y + 1170. Suppose 3*t - 232 = c, 5*t - 2*c - x = -0*c. Calculate the greatest common factor of 28 and t.
7
Let k = -3788 - -3880. Calculate the highest common divisor of 3473 and k.
23
Suppose 3*j - j + 2 = 0. Let x(v) = -v**3 - 15*v**2 - 42*v + 26. Let d be x(-6). Let f be j*((4 - 3) + d). What is the greatest common divisor of 5 and f?
5
Suppose -31588 - 10136 = -171*q. Calculate the greatest common divisor of 31964 and q.
244
Suppose -15*d + 22*d = -4*r + 74277, -2*d + 14 = 0. What is the greatest common divisor of r and 11?
11
Let y be (6/(-8))/(-3 + 295/100). Let z be (-672)/(-20) + y/(-25). Calculate the highest common factor of z and 22.
11
Let t be (60 + -75 - (-2)/6)/((-2)/27). Calculate the highest common factor of 1672 and t.
22
Let r = -4014 - -5986. Calculate the greatest common divisor of r and 136.
68
Let o(a) = -a. Let z be o(2). Let g = z - -14. Let p be (-1 + 75)*1 + -18 + (-2 - -18). What is the highest common factor of p and g?
12
Let o be (80/(-12))/(2/15). Let h = o + 58. Suppose -5*n = -5*p - 90, 0 = -3*p + h*p - 10. What is the highest common divisor of 50 and n?
10
Let q = -4189 - -4359. What is the highest common divisor of q and 55?
5
Let p(w) = w**3 - 4*w**2 + 5*w - 21. Let x be p(4). Let u be (3 - 7 - -6) + x. What is the highest common divisor of u and 19?
1
Let i(r) = r - 26. Let k be i(25). Let t be (-1)/(-1)*k - -3. Let y be (-162)/(-18)*t/3. Calculate the highest common divisor of y and 6.
6
Let y(v) be the second derivative of -v**3/6 + 13*v**2/2 + 6*v - 8. Let f be y(3). Calculate the highest common factor of f and 40.
10
Let x = 7 - 5. Suppose 0 = -2*c - 4*l + 56, 4*l + 80 = 84. What is the greatest common factor of x and c?
2
Let a = 6219 + -6172. Calculate the highest common divisor of 893 and a.
47
Let o(c) = 100*c + 1740. Let d be o(-17). What is the greatest common divisor of d and 3140?
20
Let g = 3562 + -3514. What is the greatest common divisor of 570 and g?
6
Suppose -2180 + 490 = -5*t + 5*i, -358 = -t - 4*i. What is the greatest common divisor of 378 and t?
18
Suppose -18*h + 16*h - 228 = -c, 0 = -5*h + 25. Calculate the greatest common divisor of 68 and c.
34
Let i be -24 + 23 + 58/2. Suppose 9*c - i = 161. What is the highest common divisor of c and 33?
3
Let a = -17 + 22. Suppose 43 = a*k + 3*n, -5*n = k - 7 - 6. Let h = k - 4. Calculate the greatest common divisor of h and 16.
4
Let a(f) = -f**3 - 14*f**2 - 23*f + 10. Let q be a(-12). Let l be ((-2)/4)/((-3)/(-276)*q). What is the greatest common factor of 2 and l?
1
Suppose 1258*v = 1259*v - 0 - 7. What is the greatest common factor of v and 2051?
7
Let s = -42 + 47. Suppose 3*f - 112 = -s*w, w - 2*f + 4*f = 28. Calculate the highest common divisor of 50 and w.
10
Let v = -55 + 80. Let q = v + -15. Suppose -58 = q*z - 178. Calculate the highest common factor of z and 84.
12
Let u = -1910 + 5222. Suppose u = 45*z - 27*z. Calculate the highest common factor of 138 and z.
46
Suppose 3*y - 51 = 2*d, d + 0 = -3. Let v = y - -2. Suppose n = -5*r + 596, 89 = r + 5*n - 35. Calculate the highest common factor of r and v.
17
Let v be ((-38)/4)/((-4)/(-16)). Let l be 4/(-10) + (-11)/(165/114). Let q = l - v. What is the highest common divisor of q and 20?
10
Let g = -1663 + 3453. What is the greatest common factor of 4 and g?
2
Let i be (-112)/(-40)*(49/2 - 2). Suppose 4*v - 108 = 2*a, 4*a - 108 = -67*v + i*v. Calculate the greatest common factor of 21 and v.
3
Let w be (176/(-28))/((-8)/28). Suppose n - w = 50. Suppose 0 = -b + 7*b - n. Calculate the highest common divisor of b and 24.
12
Suppose 0 = 9*x - 1859 - 391. What is the highest common factor of x and 3375?
125
Let j(o) = 2*o**2 - 41*o + 24. Let t be j(24). Let g be 3 + 32/(-12) + (-862)/(-6). What is the greatest common factor of t and g?
48
Suppose 42*u + 30*u = 4784 + 1912. What is the greatest common factor of u and 3503?
31
Suppose 3*f - x + 130 = 0, 3*f + 124 = 3*x + x. Let c be (-35)/(-11) + (-80)/f + -2. Calculate the greatest common factor of 1 and c.
1
Let p = -95 + 88. Let t be 4 - (-35)/p - -7. Let r(o) = 3*o**2 + 2*o - 2. Let s be r(-2). Calculate the greatest common factor of s and t.
6
Let o = 396 - 251. Suppose -131*q - 742 = -o*q. What is the greatest common factor of 212 and q?
53
Let v = -47 - -21. Let m = -41 - v. Let c = -13 - m. Calculate the greatest common divisor of c and 4.
2
Let c = -2932 + 2983. What is the highest common divisor of c and 39?
3
Suppose 14 - 104 = 9*l. Let r = l - -10. Suppose 2*g - 2 = -r. What is the highest common divisor of g and 8?
1
Let k = 15539 + -15529. Calculate the greatest common divisor of k and 8530.
10
Let z = -9318 + 11910. Calculate the greatest common factor of 12 and z.
12
Let i(r) be the third derivative of r**6/120 - 17*r**5/30 + 31*r**4/24 + 13*r**3 - 219*r**2. Let x be i(33). What is the greatest common factor of x and 174?
6
Suppose 2*k - 4 = 0, 2*z - 12302 = -k - 3600. What is the greatest common factor of z and 30?
30
Let k(s) = -12*s**3 - s**2 + s. Let n be k(-1). Let p(y) = 5*y. Let l be p(5). Suppose 25 = r - l. What is the highest common factor of n and r?
10
Let t be (-56)/(-12) - (-12)/9. Suppose -2*a - 2*q = -26, a - 2*q - 11 = -4. Let y be a*3 + (-30)/10. What is the greatest common factor of t and y?
6
Let i = 247 - 199. Let v = 50 - i. Calculate the greatest common factor of 57 and v.
1
Let k(l) = -17*l - 7. Let o be k(-3). Suppose -d + o = 32. Let x(n) = 15*n - 27. Let w be x(9). Calculate the highest common factor of d and w.
12
Let q = -3498 + 3705. Suppose -43 = -l + 3. What is the highest common factor of q and l?
23
Let f = 7170 - 89. What is the greatest common divisor of 194 and f?
97
Suppose -5 = 5*i, -3*w + 8*w + 4*i = 4501. What is the highest common divisor of 85 and w?
17
Let f(m) = m**2 - 61*m + 2472. Let n be f(36). What is the greatest common factor of 132 and n?
12
Let d be 3/24*-4*(-2928 - 0). Calculate the greatest common factor of d and 120.
24
Let j = -897 + 899. Calculate the greatest common divisor of j and 1802.
2
Let q(i) = i**3 - 84*i**2 - 127*i + 815. Let g be q(86). Calculate the greatest common divisor of g and 5.
5
Let t be 0 + 1010 - (-5 + -1). Let g = t + -719. What is the greatest common divisor of 33 and g?
33
Let c be (9 - 132)/((-7)/49). Calculate the greatest common divisor of 91 and c.
7
Suppose -8 = 2*c - 12. Suppose 2*n = -c*z + 3*z + 112, -n - z = -56. Suppose -3*b - n = -10*b. Calculate the highest common factor of 64 and b.
8
Let c(d) = 2*d. Let l be 1/4 - (-28)/16. Let v(h) = 9*h + 49. Let s(r) = l*c(r) - v(r). Let q be s(-29). Calculate the greatest common factor of 6 and q.
6
Let v = 182 + 82. Let n be (54/(-12) - -5)*0. Let y be (n - (-1)/4) + 917/28. What is the highest common divisor of y and v?
33
Suppose -3*m = c - 9, -3*m - 17 = -4*m - 5*c. Suppose -m*d + 3*l - 79 = 15, -3*d - 151 = -2*l. Let k = -43 - d. What is the highest common divisor of k and 5?
5
Let c = 753 - 771. Let j be c/2*(-4760)/612. Calculate the greatest common factor of j and 385.
35
Let h(q) = -q**3 + 25*q**2 - 23*q - 10. Suppose -6*t = -6 - 12. Let w be t*(-2)/3*-4*3. Let u be h(w). Calculate the greatest common divisor of u and 14.
14
Let u(z) = -8*z - 9. Let v(t) = 9*t + 7. Let f(s) = 3*u(s) + 4*v(s). Let h be 